be (0 - -6)/(-2)*j. Suppose -5*a = -x*a - 12. What is the units digit of a?
6
Suppose 6*q + 4 = 16. What is the units digit of q?
2
What is the tens digit of ((90/(-12))/(-5))/(3/256)?
2
Let i = -25 - -37. Suppose -3*u + 108 - i = 0. What is the tens digit of u?
3
Let x(b) = -b**2 + 9*b - 7. Let d(z) = -z**3 + 7*z**2 - 5*z - 1. Let o be d(6). What is the tens digit of x(o)?
1
Let n be -3 + 5 - (-26)/(-2). Let u(f) = -f**3 - 12*f**2 - 15*f + 9. What is the tens digit of u(n)?
5
Suppose -23 = -5*y - 43. Let r(m) = -10*m + 5. What is the units digit of r(y)?
5
Let g(u) = -u + 9. Suppose -12*i - 12 = -16*i. What is the units digit of g(i)?
6
Suppose -4*s = -79 - 105. What is the units digit of s?
6
Let b = 11 - -7. Let h = -13 + b. What is the units digit of h?
5
Suppose -5*l + 42 = -43. What is the units digit of l?
7
Suppose 4*h + 1 = 41. What is the tens digit of h?
1
Suppose 0 = -7*k + k + 2154. What is the tens digit of k?
5
Let y(u) = 6*u**2 + 5*u + 1. Let s(o) = 0*o - 2 + 0*o - 11*o - 12*o**2. Let j(q) = 6*s(q) + 13*y(q). What is the units digit of j(1)?
6
Let f be ((-6)/9)/((-26)/39). Suppose -4*j + 25 = y + j, 2*j = 3*y - 7. Suppose -2*t + f = x, 10*t - y*t + 25 = 0. What is the units digit of x?
1
Suppose 2*f = -6, 3*a - 160 = f + 176. What is the hundreds digit of a?
1
Suppose -6*d + 5*l - 1 = -4*d, -3*d + 2 = -4*l. Suppose -4*t + 12 + 0 = 0. Suppose -t*f = d*h - 11, 4*f + 46 = 4*h + 2*f. What is the tens digit of h?
1
Suppose -9*f + 3*f + 558 = 0. What is the units digit of f?
3
Suppose -4*u = -146 + 22. What is the tens digit of u?
3
Let a = 5 + -4. Let j be 2/a - -1*8. Suppose -3*z + 4*w + 30 = 0, 3*z - 5*w = j + 20. What is the tens digit of z?
1
Let h(g) = g**3 - 20*g**2 + 23*g - 21. What is the units digit of h(19)?
5
Suppose -3*m - m + 74 = -2*i, -17 = -m - i. Let q be ((-3 - 1) + 0)*1. Let u = m + q. What is the tens digit of u?
1
Let p be (-26)/(-7) - 2/(-7). Suppose a + 4 = 0, p*a = u - 3 - 4. What is the units digit of (-3)/u + (-51)/(-9)?
6
Suppose -9*k = -8*k - 32. What is the tens digit of k?
3
Let k(f) = 5*f**2 + 9*f + 8. What is the tens digit of k(-5)?
8
Let d = 19 - 5. Let i = -23 + d. Let s = i - -14. What is the units digit of s?
5
Suppose -h + 5*i - 5 = -0, h - 3 = i. Suppose 4*o = h*c - c + 12, 4*o = -3*c + 47. What is the units digit of o?
8
Let p = 11 - 7. Let b(z) = p + 0*z - 2*z + z. What is the tens digit of b(-6)?
1
Let n(m) = -m**3 + 5*m**2 + 7*m - 4. Let w be n(6). Suppose w*a = a + 6. What is the units digit of a?
6
Let o(d) = -5*d. Suppose -3*i + i - 2 = 0. What is the units digit of o(i)?
5
Let m(y) = -y**3 - 4*y**2 + y + 2. Suppose -5*u = i + 9, 2*i + 3 = 5. Let w be m(u). Let b = w - -12. What is the units digit of b?
4
What is the units digit of (-102)/(-4)*(-24)/(-36)?
7
Suppose -3*y = -y - 3*t - 487, 0 = 3*y - 3*t - 738. What is the tens digit of y?
5
Let a = 49 + -22. Let m = 4 + 1. Suppose m*r = 2*r + a. What is the units digit of r?
9
Suppose 2*d + 3*z = 58, 4*d + 0*z = -4*z + 120. What is the units digit of d?
2
What is the tens digit of (4 + (-32)/20)/((-6)/(-40))?
1
Let r(v) = -v - 6*v + 2 + 0*v - 11. What is the units digit of r(-7)?
0
Suppose 7*x - 4*x - 6 = 0. Let o = 6 + x. What is the units digit of o?
8
Suppose l + 2 = -l. Suppose 3*t + 9 = a + 2*t, -t = 3*a - 7. Let s = l + a. What is the units digit of s?
3
Suppose 0*t = 3*t - 246. What is the units digit of t?
2
Let a(s) = s + 9. Let k be a(-4). Suppose -22 = -l + k*v, 0*l + l = -5*v - 18. Suppose l*h - 7*w + 3*w = 38, h + 1 = -2*w. What is the units digit of h?
9
Let q(i) be the first derivative of -4*i - 1/2*i**2 - 1. What is the units digit of q(-6)?
2
Let a = -91 + 218. What is the tens digit of a?
2
Let a(s) be the second derivative of s**5/20 + 5*s**4/12 - 7*s**3/6 + 5*s**2/2 - 3*s. What is the units digit of a(-6)?
1
Let f = 37 + -20. What is the units digit of f?
7
Let d = 44 - -6. What is the tens digit of d?
5
Let f(x) = x + 10. Let r be f(-7). Suppose -3*y = -4*i + 1, 4*y + 2*i - 4*i = -8. What is the units digit of 4*(r/(-4))/y?
1
Let w(o) = 51*o - 106. What is the tens digit of w(7)?
5
Let b(m) = -m**3 - m**2 + 2*m - 2. Let h be b(-5). Let n = h - 60. What is the tens digit of n?
2
Let i = -7 + 10. Suppose 2*z - 6 = -3*c - 3*z, -4*z + 24 = -4*c. What is the units digit of c + (17 - i) + -3?
8
Suppose 2*o = -21 - 219. Let h be 6/(-4)*o/(-9). What is the units digit of (-12)/h + (-2)/(-5)?
1
Let v = -4 + 6. Let g(w) = -5 - 6 + v*w + 1. What is the units digit of g(7)?
4
Let d be -2 + 2 + -2 + -30. Let n = 23 + -41. Let u = n - d. What is the tens digit of u?
1
Let r(a) = a**3 + 10*a**2 + 5*a - 11. What is the tens digit of r(-9)?
2
Suppose 5*i = -3*w + 496, 289 = 2*w - 3*i - 2*i. What is the tens digit of w?
5
Let a be (2/6)/(1/3). Suppose a - 15 = -2*f. What is the units digit of f?
7
Let t = 88 - 5. What is the tens digit of t?
8
Suppose 5*o + 108 = 8*o. Let k = 22 + o. What is the units digit of k?
8
Suppose -56 = -14*l + 10*l. Let q = l + 12. What is the units digit of q?
6
Suppose 30 + 29 = 4*f - 5*n, -5*f + 5*n + 75 = 0. What is the tens digit of f?
1
Let z(p) = 15*p**2 - p - 25. What is the hundreds digit of z(-4)?
2
Let s = 10 - -22. What is the units digit of s?
2
Let k = 12 - 9. Suppose k*i - z + 79 = 4*z, z - 41 = 2*i. Let j = i + 29. What is the units digit of j?
1
Let p(r) = 3*r**2 + 0*r**2 - 4*r**2 + 2*r + 4. Let m be p(-3). Let n = m - -20. What is the units digit of n?
9
Let s(m) = m**2 - 5*m + 2. What is the units digit of s(5)?
2
Suppose 2 = -2*a + i + 2*i, 0 = -2*a + 5*i - 6. Suppose -2*m + 5*m = 5*v + 119, v - 62 = -a*m. What is the units digit of m?
3
Let l(z) = -z**3 - 5*z**2 + 13*z + 3. Let n(g) = -g**3 - 5*g**2 + 12*g + 3. Let h(a) = -6*l(a) + 7*n(a). What is the units digit of h(-7)?
9
Suppose 1944 = -19*g + 6409. What is the tens digit of g?
3
Let g = 98 - -11. What is the units digit of g?
9
Suppose 0 = -3*f - 2*z + 74, -3*f - 4*z + 20 = -44. What is the tens digit of f?
2
Let d = -5 + 19. What is the units digit of d?
4
Let a be ((-60)/6)/((-2)/3). Let r = a - 9. Suppose 2*t + t = r. What is the units digit of t?
2
What is the tens digit of 4/8*(230 - (0 - 2))?
1
Suppose 4*m - m + 5*o + 235 = 0, -m - 69 = 4*o. Let l = m + 61. What is the units digit of l/3*2/(-4)?
4
Suppose 3*b - 2*v - 101 = 0, 5*b + 2*v - 5*v = 167. What is the units digit of b?
1
Let n = -44 + 75. What is the units digit of n?
1
Suppose -170 = -m - 4*m. What is the tens digit of m?
3
Let h = 2 + 1. Suppose -26 = -h*n + 40. Suppose -3*i = t - n, 0*t + 4*i + 4 = 2*t. What is the tens digit of t?
1
Let a = -80 - -112. Let y = a + -53. Let c = -15 - y. What is the units digit of c?
6
Let g(a) = -a - 7. Let p be g(-11). Suppose 2*h - 11 = -z, p*z - 3*h = -2*h + 17. What is the units digit of z?
5
Suppose 151*f = 156*f - 1245. What is the units digit of f?
9
Let t(d) = -13*d + 7. Let x(m) = 7*m - 4. Let w(h) = -6*t(h) - 11*x(h). What is the units digit of w(5)?
7
Let c be (-4)/8 - 9/(-2). Let u = c + -3. What is the units digit of u?
1
Let p(m) = 14*m + 4. Let t(h) = -h - 1. Let z(q) = p(q) + 10*t(q). What is the units digit of z(4)?
0
Let w be (0 + 5)*(-3 - -2). Let n(y) = -y**3 - 5*y**2 + 2*y + 4. Let h be n(w). What is the tens digit of h/(-3) - 2 - -14?
1
Suppose -2*l + 68 = -54. What is the units digit of l?
1
Suppose -3*u - u - 4*w + 80 = 0, -2*u = 5*w - 52. Let d = u + -10. What is the units digit of d?
6
Let x(s) = 3*s**2 + 3*s + 6. Let h be x(-4). Suppose 4*t - 4*w - 12 = 0, w - 5*w = 5*t - 33. What is the units digit of (-2)/t - h/(-5)?
8
Suppose -216 = 3*g - 4*y - 0*y, 3*g + 216 = -4*y. Let k = g - -25. Let r = k + 67. What is the tens digit of r?
2
Let x = 44 + -93. Let o = x - -70. What is the units digit of o?
1
Suppose u + u - 5*w = 24, -4*u = w - 4. What is the tens digit of (-1)/u - 186/(-12)?
1
Suppose -746 = -6*h - 56. What is the hundreds digit of h?
1
Suppose 0 = -4*k - x - 0*x + 29, 0 = -k - 4*x + 26. What is the units digit of 12*(15/k - 1)?
8
Suppose -5*h + 6 = -14. What is the tens digit of ((-52)/(-6))/(h/18)?
3
Suppose 0 = 5*o - 5, d - o - 1 = 10. Suppose 4*g - 12 = d. What is the units digit of g?
6
Let b be ((-2)/(-1) + 1)/1. Suppose 5*q - 27 = -4*s, -q - 9 = -4*s - 0*q. Suppose -5*w + b*v = 2, 0 = -